{"id":10,"date":"2025-08-13T19:26:34","date_gmt":"2025-08-13T17:26:34","guid":{"rendered":"http:\/\/www.heavenscake.de\/?page_id=10"},"modified":"2026-04-23T19:00:23","modified_gmt":"2026-04-23T17:00:23","slug":"ueber","status":"publish","type":"page","link":"https:\/\/www.heavenscake.de\/?page_id=10","title":{"rendered":"Willkommen bei Andr\u00e9"},"content":{"rendered":"\r\n<p>Bei uns gibt es k\u00f6stlichen, hausgemachten Kuchen, feine Torten und Geb\u00e4ck.\u00a0 F\u00fcr den Mittagshunger bieten wir eine leckere Tagessuppe.<\/p>\r\n<p>Wir hei\u00dfen Sie gern auch als &#8222;geschlossene Gesellschaft&#8220; mit bis zu 18 Personen bei uns willkommen oder k\u00fcmmern uns um das Catering f\u00fcr jeden Anlass. Bitte sprechen Sie uns gerne an.<\/p>\r\n<p>Ab 1. Mai 2026 gibt es bei uns auch Eis!<\/p>\r\n<p>&nbsp;<\/p>\r\n","protected":false},"excerpt":{"rendered":"<p>Bei uns gibt es k\u00f6stlichen, hausgemachten Kuchen, feine Torten und Geb\u00e4ck.\u00a0 F\u00fcr den Mittagshunger bieten wir eine leckere Tagessuppe. Wir hei\u00dfen Sie gern auch als &#8222;geschlossene Gesellschaft&#8220; mit bis zu 18 Personen bei uns willkommen oder k\u00fcmmern uns um das Catering f\u00fcr jeden Anlass. Bitte sprechen Sie uns gerne an. Ab 1. Mai 2026 gibt &hellip; <\/p>\n<p class=\"link-more\"><a href=\"https:\/\/www.heavenscake.de\/?page_id=10\" class=\"more-link\"><span class=\"screen-reader-text\">\u201eWillkommen bei Andr\u00e9\u201c <\/span>weiterlesen<\/a><\/p>\n","protected":false},"author":1,"featured_media":53,"parent":0,"menu_order":0,"comment_status":"closed","ping_status":"closed","template":"","meta":{"footnotes":""},"class_list":["post-10","page","type-page","status-publish","has-post-thumbnail","hentry"],"_links":{"self":[{"href":"https:\/\/www.heavenscake.de\/index.php?rest_route=\/wp\/v2\/pages\/10","targetHints":{"allow":["GET"]}}],"collection":[{"href":"https:\/\/www.heavenscake.de\/index.php?rest_route=\/wp\/v2\/pages"}],"about":[{"href":"https:\/\/www.heavenscake.de\/index.php?rest_route=\/wp\/v2\/types\/page"}],"author":[{"embeddable":true,"href":"https:\/\/www.heavenscake.de\/index.php?rest_route=\/wp\/v2\/users\/1"}],"replies":[{"embeddable":true,"href":"https:\/\/www.heavenscake.de\/index.php?rest_route=%2Fwp%2Fv2%2Fcomments&post=10"}],"version-history":[{"count":9,"href":"https:\/\/www.heavenscake.de\/index.php?rest_route=\/wp\/v2\/pages\/10\/revisions"}],"predecessor-version":[{"id":163,"href":"https:\/\/www.heavenscake.de\/index.php?rest_route=\/wp\/v2\/pages\/10\/revisions\/163"}],"wp:featuredmedia":[{"embeddable":true,"href":"https:\/\/www.heavenscake.de\/index.php?rest_route=\/wp\/v2\/media\/53"}],"wp:attachment":[{"href":"https:\/\/www.heavenscake.de\/index.php?rest_route=%2Fwp%2Fv2%2Fmedia&parent=10"}],"curies":[{"name":"wp","href":"https:\/\/api.w.org\/{rel}","templated":true}]}}